{"id":2,"date":"2017-09-03T00:14:35","date_gmt":"2017-09-03T00:14:35","guid":{"rendered":"http:\/\/2gz-zahntechnik.de\/cms\/?page_id=2"},"modified":"2025-06-10T00:49:07","modified_gmt":"2025-06-09T22:49:07","slug":"impressum","status":"publish","type":"page","link":"https:\/\/2gz-zahntechnik.de\/cms\/impressum\/","title":{"rendered":"IMPRESSUM"},"content":{"rendered":"<p><strong>Angaben gem\u00e4\u00df \u00a76 Teledienstgesetz (TDG)<\/strong><br \/>\n2 GZ \u2013 DENTAL<br \/>\nLukas Zmarzly<br \/>\nWilly-Brand-Platz 7<br \/>\n42105 Wuppertal<br \/>\nTel: 0202 \u2013 49 59 98 0 \u00a0 \u00a0Fax: 0202 &#8211; 49 59 980<\/p>\n<p>Mail: 2gz-dental@web.de<\/p>\n<p>Inhaber:Lukas Zmarzly<br \/>\nUmsatzsteuer ID-Nummer: DE235421720<br \/>\nUnsere AGBs (PDF 50KB)<\/p>\n<p><strong>Design &amp; Umsetzung:<\/strong><br \/>\nRobert Mroczkowski<br \/>\nWeb: <a href=\"http:\/\/www.projekt-xl.de\/\" target=\"_blank\" rel=\"noopener noreferrer\">www.projekt-xl.de<\/a><br \/>\nE-Mail: <a href=\"mailto:info@projekt-xl.de\" target=\"_blank\" rel=\"noopener noreferrer\">info@projekt-xl.de<\/a><\/p>\n<p><strong>Haftungshinweis<\/strong><br \/>\nTrotz sorgf\u00e4ltiger inhaltlicher Kontrolle \u00fcbernehmen wir keine Haftung f\u00fcr die Inhalte externer Links. F\u00fcr den Inhalt der verlinkten Seiten sind ausschlie\u00dflich deren Betreiber verantwortlich. Die Angaben im Internet-Angebot des 2 GZ \u2013 DENTAL\u00a0 ZTM Lukas Zmarzly wurden sorgf\u00e4ltig gepr\u00fcft. Eine Garantie f\u00fcr die Vollst\u00e4ndigkeit oder Richtigkeit kann jedoch nicht \u00fcbernommen werden.<\/p>\n<p><strong>Copyright<\/strong><br \/>\nAlle Texte und Bilder sind urheberrechtlich gesch\u00fctzt. Die Ver\u00f6ffentlichung, \u00dcbernahme oder Nutzung von Texten, Bildern oder anderen Daten bedarf der schriftlichen Zustimmung vom 2 GZ \u2013 DENTAL\u00a0 ZTM Lukas Zmarzly. Wir freuen uns aber \u00fcber Link-Verweise auf unsere Seiten und bitten insoweit um eine Information.<\/p>\n<p><strong>Registrierte Warenzeichen, Namen, Marken<\/strong><b><br \/>\n<\/b>Die Verwendung von registrierten Warenzeichen, Namen oder Marken ohne Kennzeichnung erfolgt im Einvernehmen mit deren Inhabern; daraus kann nicht geschlossen werden, dass derartige Warenzeichen, Namen oder Marken frei verwendbar w\u00e4ren.<\/p>\n","protected":false},"excerpt":{"rendered":"<p>Angaben gem\u00e4\u00df \u00a76 Teledienstgesetz (TDG) 2 GZ \u2013 DENTAL Lukas Zmarzly Willy-Brand-Platz 7 42105 Wuppertal Tel: 0202 \u2013 49 59 98 0 \u00a0 \u00a0Fax: 0202 &#8211; 49 59 980 Mail: 2gz-dental@web.de Inhaber:Lukas Zmarzly Umsatzsteuer ID-Nummer: DE235421720<span class=\"excerpt-hellip\"> [\u2026]<\/span><\/p>\n","protected":false},"author":1,"featured_media":0,"parent":0,"menu_order":0,"comment_status":"closed","ping_status":"open","template":"","meta":{"footnotes":""},"class_list":["post-2","page","type-page","status-publish","hentry"],"_links":{"self":[{"href":"https:\/\/2gz-zahntechnik.de\/cms\/wp-json\/wp\/v2\/pages\/2","targetHints":{"allow":["GET"]}}],"collection":[{"href":"https:\/\/2gz-zahntechnik.de\/cms\/wp-json\/wp\/v2\/pages"}],"about":[{"href":"https:\/\/2gz-zahntechnik.de\/cms\/wp-json\/wp\/v2\/types\/page"}],"author":[{"embeddable":true,"href":"https:\/\/2gz-zahntechnik.de\/cms\/wp-json\/wp\/v2\/users\/1"}],"replies":[{"embeddable":true,"href":"https:\/\/2gz-zahntechnik.de\/cms\/wp-json\/wp\/v2\/comments?post=2"}],"version-history":[{"count":7,"href":"https:\/\/2gz-zahntechnik.de\/cms\/wp-json\/wp\/v2\/pages\/2\/revisions"}],"predecessor-version":[{"id":362,"href":"https:\/\/2gz-zahntechnik.de\/cms\/wp-json\/wp\/v2\/pages\/2\/revisions\/362"}],"wp:attachment":[{"href":"https:\/\/2gz-zahntechnik.de\/cms\/wp-json\/wp\/v2\/media?parent=2"}],"curies":[{"name":"wp","href":"https:\/\/api.w.org\/{rel}","templated":true}]}}